
False
Does 753 divide 56112349?
False
Does 3113 divide 1004891340?
False
Does 1242 divide 31214312?
False
Is 17 a factor of 397585531?
False
Is 7 a factor of 3370465?
True
Is 7 a factor of 5375743?
False
Is 51 a factor of 275725992?
True
Is 37691522 a multiple of 2?
True
Is 21 a factor of 611557107?
True
Does 1275 divide 113931450?
True
Does 1765 divide 26273923?
False
Is 1228052490 a multiple of 35?
True
Does 22 divide 382436846?
True
Is 109520850 a multiple of 15?
True
Does 3390 divide 168821216?
False
Is 96 a factor of 6414133?
False
Is 626246 a multiple of 3?
False
Is 61800112 a multiple of 1034?
True
Is 1354542335 a multiple of 15?
False
Is 23 a factor of 2515579851?
True
Does 449 divide 28612463?
False
Is 163 a factor of 1363685515?
False
Is 61027161 a multiple of 249?
True
Is 52045527 a multiple of 389?
False
Is 454593916 a multiple of 2025?
False
Is 1085416807 a multiple of 101?
False
Is 79402764 a multiple of 260?
False
Is 243704594 a multiple of 19?
False
Is 13607756 a multiple of 131?
True
Is 8 a factor of 7756199?
False
Is 69 a factor of 2204033959?
False
Is 112 a factor of 30385764?
False
Is 11 a factor of 1208703781?
False
Is 127 a factor of 112937138?
False
Does 54 divide 490319948?
False
Is 36 a factor of 58416412?
False
Is 55 a factor of 77518534?
False
Does 204 divide 339788520?
True
Is 1324036032 a multiple of 1067?
True
Does 19 divide 41227265?
False
Is 607277264 a multiple of 22?
True
Is 395 a factor of 15720210?
True
Is 18 a factor of 67001880?
False
Does 1001 divide 12901889?
True
Is 895 a factor of 454917760?
True
Does 19 divide 296534672?
True
Does 307 divide 24004637?
True
Is 31723484 a multiple of 168?
False
Does 2545 divide 34825780?
True
Is 17 a factor of 299262002?
False
Is 526 a factor of 32667756?
True
Is 1170048007 a multiple of 400?
False
Does 2 divide 6831862?
True
Is 444878032 a multiple of 17?
True
Does 2608 divide 2460418?
False
Is 202343659 a multiple of 490?
False
Is 67219778 a multiple of 3?
False
Is 459 a factor of 219978504?
True
Does 2 divide 3114541?
False
Is 119719675 a multiple of 338?
False
Does 426 divide 24189132?
True
Does 32 divide 2270238432?
True
Is 126 a factor of 2578971?
False
Does 74 divide 200837480?
True
Does 521 divide 159549769?
False
Does 147 divide 378861483?
True
Is 433070654 a multiple of 1925?
False
Does 5 divide 17203210?
True
Does 502 divide 1438685456?
False
Is 1108752350 a multiple of 12?
False
Does 359 divide 23175963?
True
Is 334 a factor of 11927085?
False
Is 46 a factor of 443752524?
True
Is 6848664 a multiple of 138?
True
Is 1214298623 a multiple of 820?
False
Does 10 divide 21167910?
True
Is 275 a factor of 82129300?
True
Is 374739339 a multiple of 39?
True
Is 106804447 a multiple of 289?
False
Does 4 divide 8108807?
False
Is 3016511487 a multiple of 121?
True
Is 70 a factor of 902580?
True
Is 12 a factor of 13866035?
False
Is 75502875 a multiple of 95?
False
Is 3136 a factor of 577704512?
True
Does 3 divide 2374792?
False
Does 2948 divide 593797328?
False
Is 1500687799 a multiple of 16?
False
Is 13 a factor of 942730837?
False
Is 19 a factor of 153794968?
True
Does 10 divide 1316380?
True
Is 645776313 a multiple of 1311?
True
Does 5 divide 105017020?
True
Is 159140466 a multiple of 386?
True
Is 1674 a factor of 847457478?
True
Does 1925 divide 223143642?
False
Does 88 divide 148356495?
False
Is 19429352 a multiple of 8?
True
Is 130223958 a multiple of 107?
False
Is 922584800 a multiple of 10?
True
Does 30 divide 824116980?
True
Does 4431 divide 198460704?
False
Is 353 a factor of 270172229?
False
Is 123207520 a multiple of 292?
False
Is 1770 a factor of 84418380?
True
Does 7 divide 1305466910?
False
Is 286318188 a multiple of 234?
True
Is 640330 a multiple of 478?
False
Is 16 a factor of 38794611?
False
Does 9 divide 361603521?
True
Is 142 a factor of 587847104?
False
Is 3 a factor of 20935555?
False
Is 399204 a multiple of 12?
True
Is 11655666 a multiple of 33?
True
Does 24 divide 178812360?
True
Is 18 a factor of 186978779?
False
Is 3037293 a multiple of 227?
False
Is 442790563 a multiple of 24?
False
Does 17 divide 26761077?
True
Is 123 a factor of 1885602546?
True
Does 2 divide 9914167?
False
Is 896 a factor of 312692582?
False
Does 16243 divide 8494783697?
False
Does 3797 divide 22612669?
False
Is 13 a factor of 332319556?
False
Is 526313160 a multiple of 180?
True
Is 20 a factor of 49102325?
False
Does 88 divide 13063045?
False
Is 274371359 a multiple of 6?
False
Does 34 divide 439112576?
False
Is 111 a factor of 284255089?
False
Does 355 divide 23405189?
False
Does 240 divide 14058240?
True
Is 177695466 a multiple of 78?
True
Is 37 a factor of 285267410?
True
Is 842112019 a multiple of 329?
True
Is 7 a factor of 17198169?
False
Does 12 divide 1206648551?
False
Does 1969 divide 206821791?
True
Is 1419047885 a multiple of 17?
True
Is 27148606 a multiple of 1697?
True
Is 56676023 a multiple of 1510?
False
Is 20 a factor of 701420139?
False
Is 170 a factor of 6198760?
False
Is 344200725 a multiple of 285?
False
Is 244822757 a multiple of 814?
False
Is 5659113 a multiple of 313?
False
Is 971520687 a multiple of 31?
True
Is 5419 a factor of 950712869?
False
Is 13 a factor of 576719715?
True
Is 104822640 a multiple of 72?
True
Does 37 divide 532002912?
False
Is 157776928 a multiple of 5711?
False
Is 24312236 a multiple of 52?
True
Is 688 a factor of 59708325?
False
Is 267964435 a multiple of 252?
False
Does 16 divide 26194816?
True
Does 279 divide 1123812?
True
Is 3012 a factor of 110359324?
False
Is 48245357 a multiple of 13?
False
Is 605034800 a multiple of 100?
True
Is 1836 a factor of 476616420?
True
Does 76 divide 11464716?
False
Is 7365930 a multiple of 1122?
True
Does 8 divide 143260376?
True
Is 2466 a factor of 3108131604?
True
Is 33 a factor of 361079?
False
Is 35 a factor of 622398513?
False
Is 2997809983 a multiple of 24?
False
Is 851680473 a multiple of 147?
False
Is 35 a factor of 2946472255?
False
Is 767287301 a multiple of 11?
True
Is 12 a factor of 31785576?
True
Is 10586005 a multiple of 54?
False
Is 388090462 a multiple of 248?
False
Is 108769910 a multiple of 2885?
False
Does 796 divide 1390094600?
True
Is 134157846 a multiple of 492?
False
Does 24 divide 152938536?
True
Is 979721070 a multiple of 51?
False
Is 40 a factor of 122157864?
False
Does 527 divide 4720754?
False
Does 405 divide 15675845?
False
Is 31409280 a multiple of 684?
True
Is 588 a factor of 571391940?
True
Is 906948328 a multiple of 11?
True
Does 20 divide 23544620?
True
Is 207 a factor of 103696039?
False
Is 9 a factor of 3303176174?
False
Is 557 a factor of 4778784?
False
Is 27574128 a multiple of 2088?
True
Does 8099 divide 5379735251?
False
Is 50154658 a multiple of 34?
True
Is 17 a factor of 21551137?
False
Does 6743 divide 212208953?
True
Is 163985256 a multiple of 696?
True
Does 6 divide 47277401?
False
Is 97 a factor of 7534184?
True
Does 79 divide 114868370?
True
Does 742 divide 12306701?
False
Does 11 divide 52762457?
True
Is 27 a factor of 139679364?
False
Does 6 divide 4772814?
True
Is 16600554 a multiple of 9?
True
Does 319 divide 5073352394?
True
Does 76 divide 717526610?
False
Is 333380722 a multiple of 33?
False
Does 20 divide 12581620?
True
Does 1567 divide 525919674?
True
Does 1586 divide 478859394?
True
Is 129 a factor of 1389263275?
False
Is 150254068 a multiple of 73?
False
Does 462 divide 514034136?
True
Is 13 a factor of 10840143?
False
Is 513 a factor of 112013850?
False
Is 77499927 a multiple of 9?
True
Does 154 divide 73333106?
True
Does 20 divide 388492100?
True
Is 133 a factor of 77712307?
False
Does 2336 divide 76179296?
True
Does 3707 divide 3727292118?
True
Is 119 a factor of 9156851984?
True
Does 40 divide 383283378?
False
Does 7 divide 69276494?
True
Is 36838320 a multiple of 43?
False
Does 45 divide 2880112794?
False
Does 74 divide 1223860988?
True
Is 27233073 a multiple of 37?
True
Does 4124 divide 489502304?
True
Is 4269 a factor of 168663921?
True
Does 125 divide 76895625?
True
Does 2913 divide 1697742276?
False
Is 15274089 a multiple of 807?
True
Does 371 divide 80331517?
True
Is 15 a factor of 1534936617?
False
Is 505 a factor of 61002860?
False
Is 8 a factor of 277257280?
True
Is 5994 a factor of 3312465089?
False
Is 731 a factor of 425